{"id":18,"date":"2026-04-20T14:33:12","date_gmt":"2026-04-20T14:33:12","guid":{"rendered":"https:\/\/mc-treml.com\/?page_id=18"},"modified":"2026-04-21T11:08:46","modified_gmt":"2026-04-21T09:08:46","slug":"start","status":"publish","type":"page","link":"https:\/\/mc-treml.com\/","title":{"rendered":"Motorsport Consulting Ing. Kurt Treml"},"content":{"rendered":"<p style=\"text-align: center;\"><span style=\"color: #ff0000;\"><strong>Homepage ist in Arbeit und steht in K\u00fcrze zur Verf\u00fcgung.<\/strong><\/span><br \/>\n<span style=\"color: #ff0000;\"><strong>Page is in progress and will be available shortly.<\/strong><\/span><\/p>\n<p><img decoding=\"async\" class=\"size-medium wp-image-293 aligncenter\" src=\"https:\/\/mc-treml.com\/wp-content\/uploads\/2026\/04\/Screenshot-2026-04-21-100458-300x160.png\" alt=\"\" width=\"300\" height=\"160\" srcset=\"https:\/\/mc-treml.com\/wp-content\/uploads\/2026\/04\/Screenshot-2026-04-21-100458-300x160.png 300w, https:\/\/mc-treml.com\/wp-content\/uploads\/2026\/04\/Screenshot-2026-04-21-100458.png 453w\" sizes=\"(max-width: 300px) 100vw, 300px\" \/><\/p>\n<hr>\n<p style=\"text-align: center;\"><span style=\"font-size: 12px;\"><strong><span style=\"color: #339966;\">DIE S\u00c4ULEN UNSERES ERFOLGS:<br \/>\nFACHLICHE BERATUNG &#8211; PROFESSIONELLE BETREUUNG &#8211; GLOBALES NETZWERK<br \/>\n<\/span>* MOTORSPORTTERMINE 2026 DEMN\u00c4CHST *<br \/>\n<span style=\"font-size: 9px;\"><span style=\"color: #808080;\"> WECHSEL DER SPRACHE SIEHE L\u00c4NDERFLAGGEN<br \/>\n<\/span><\/span><\/strong><\/span><\/p>\nngg_shortcode_0_placeholder\n<p style=\"text-align: center;\"><img decoding=\"async\" class=\"size-medium wp-image-114 aligncenter\" src=\"https:\/\/mc-treml.com\/wp-content\/uploads\/2026\/04\/galuppo-titel-1-300x130.jpg\" alt=\"\" width=\"300\" height=\"130\" srcset=\"https:\/\/mc-treml.com\/wp-content\/uploads\/2026\/04\/galuppo-titel-1-300x130.jpg 300w, https:\/\/mc-treml.com\/wp-content\/uploads\/2026\/04\/galuppo-titel-1-768x332.jpg 768w, https:\/\/mc-treml.com\/wp-content\/uploads\/2026\/04\/galuppo-titel-1.jpg 800w\" sizes=\"(max-width: 300px) 100vw, 300px\" \/><\/p>\n<p><span style=\"font-size: 12px;\"><strong><span style=\"color: #fe0214;\"> McT MOTORSPORT CONSULTING &#8211; ERGEBNIS 2025: 24h N\u00dcRBURGRING &#8211; 3. Platz in der Klasse AT3 f\u00fcr YAN Chuang; ZHANG Zhiqiang und Sunny Yat Shing WONG auf LYNK &amp; Co 03 TCR <\/span><span style=\"color: #000000;\"> &#8211; TCR EASTERN EUROPE 2024: 2. GESAMTRANG IN DER TEAMWERTUNG F\u00dcR HONDA-TEAM by McT-MOTORSPORT consulting &#8211; FAHRER-GESAMTWERTUNG 2024: REN\u00c9 KIRCHER (GER) 5. Platz \/ DAVIT KAJAIA (GEO) 9. Platz \/ JORDEN DOLISCHKA (AUT) 14. Platz &#8211; JUNIOR-GESAMTWERTUNG 2024: JORDEN DOLISCHKA (AUT) 4. Platz<\/span><\/strong><\/span><\/p>\n<hr>\n<p><a href=\"https:\/\/mc-treml.com\"><img decoding=\"async\" class=\"size-medium wp-image-53 aligncenter\" src=\"https:\/\/mc-treml.com\/wp-content\/uploads\/2026\/04\/McT-MOTORSPORT-consulting-free-954x100-1-300x37.png\" alt=\"\" width=\"300\" height=\"37\" srcset=\"https:\/\/mc-treml.com\/wp-content\/uploads\/2026\/04\/McT-MOTORSPORT-consulting-free-954x100-1-300x37.png 300w, https:\/\/mc-treml.com\/wp-content\/uploads\/2026\/04\/McT-MOTORSPORT-consulting-free-954x100-1-768x94.png 768w, https:\/\/mc-treml.com\/wp-content\/uploads\/2026\/04\/McT-MOTORSPORT-consulting-free-954x100-1.png 969w\" sizes=\"(max-width: 300px) 100vw, 300px\" \/><\/a><\/p>\n","protected":false},"excerpt":{"rendered":"<p>Homepage ist in Arbeit und steht in K\u00fcrze zur Verf\u00fcgung. Page is in progress and will be available shortly. DIE S\u00c4ULEN UNSERES ERFOLGS: FACHLICHE BERATUNG &#8211; PROFESSIONELLE BETREUUNG &#8211; GLOBALES NETZWERK * MOTORSPORTTERMINE 2026 DEMN\u00c4CHST * WECHSEL DER SPRACHE SIEHE L\u00c4NDERFLAGGEN McT MOTORSPORT CONSULTING &#8211; ERGEBNIS 2025: 24h N\u00dcRBURGRING &#8211; 3. Platz in der Klasse AT3 f\u00fcr YAN Chuang; ZHANG Zhiqiang und Sunny Yat Shing WONG auf LYNK &amp; Co 03 TCR &#8211; TCR EASTERN EUROPE 2024: 2. GESAMTRANG IN DER TEAMWERTUNG F\u00dcR HONDA-TEAM by McT-MOTORSPORT consulting &#8211; FAHRER-GESAMTWERTUNG 2024: REN\u00c9 KIRCHER (GER) 5. Platz \/ DAVIT KAJAIA (GEO) 9. Platz \/ JORDEN DOLISCHKA (AUT) 14. Platz &#8211; JUNIOR-GESAMTWERTUNG 2024: JORDEN DOLISCHKA (AUT) 4. Platz<\/p>\n","protected":false},"author":1,"featured_media":0,"parent":0,"menu_order":0,"comment_status":"closed","ping_status":"closed","template":"elementor_canvas","meta":{"_acf_changed":false,"ngg_post_thumbnail":0,"footnotes":""},"class_list":["post-18","page","type-page","status-publish","hentry"],"acf":[],"_links":{"self":[{"href":"https:\/\/mc-treml.com\/index.php\/wp-json\/wp\/v2\/pages\/18","targetHints":{"allow":["GET"]}}],"collection":[{"href":"https:\/\/mc-treml.com\/index.php\/wp-json\/wp\/v2\/pages"}],"about":[{"href":"https:\/\/mc-treml.com\/index.php\/wp-json\/wp\/v2\/types\/page"}],"author":[{"embeddable":true,"href":"https:\/\/mc-treml.com\/index.php\/wp-json\/wp\/v2\/users\/1"}],"replies":[{"embeddable":true,"href":"https:\/\/mc-treml.com\/index.php\/wp-json\/wp\/v2\/comments?post=18"}],"version-history":[{"count":45,"href":"https:\/\/mc-treml.com\/index.php\/wp-json\/wp\/v2\/pages\/18\/revisions"}],"predecessor-version":[{"id":325,"href":"https:\/\/mc-treml.com\/index.php\/wp-json\/wp\/v2\/pages\/18\/revisions\/325"}],"wp:attachment":[{"href":"https:\/\/mc-treml.com\/index.php\/wp-json\/wp\/v2\/media?parent=18"}],"curies":[{"name":"wp","href":"https:\/\/api.w.org\/{rel}","templated":true}]}}